 s be b(-1). Let i(z) = 47*z - 3. Let r be i(5). What is the greatest common factor of s and r?
58
Suppose 163*i = 126*i + 34595. What is the highest common divisor of 2380 and i?
85
Let q(z) = 29*z**2 - 8*z - 7. Let d be q(-3). Suppose 0 = 7*r - d + 124. Calculate the highest common factor of 242 and r.
22
Let g be (-21)/(-12) - 1 - (14499/(-12) - 0). What is the greatest common divisor of 837 and g?
93
Suppose -6*m + 881 = -253. Suppose -8*x + 4*x + 356 = 0. Suppose -3*l + 8*l - 145 = 5*d, 0 = -3*l + 4*d + x. Calculate the greatest common divisor of m and l.
27
Let s = -39046 + 39476. What is the greatest common divisor of 4386 and s?
86
Suppose 14*w - 3*g = 17*w - 4698, -6*w + 9406 = g. What is the highest common divisor of 1400 and w?
56
Let w be (-7 + 6 - 2)*-7. Calculate the highest common factor of w and 1113.
21
Suppose -634*u - 56943 = -1277*u + 634*u. Calculate the greatest common divisor of u and 171.
171
Let l be (0 + (-175)/(-5))*-1. Let t = 83 + l. Let s = -51 - -75. Calculate the greatest common divisor of t and s.
24
Let r(c) = 99*c**2 + 6*c - 3. Let k be r(2). Let t be (33/(-15) + 3)*k/6. Let g = 68 - t. What is the highest common divisor of 140 and g?
14
Let x = -338 - -426. Let a = 337 + x. Calculate the highest common factor of a and 34.
17
Suppose 5*c + 4*r = 0, -5*r = -4*c + 7*c + 13. Suppose -5*a + 2*b + 36 = -63, c*a - 82 = 3*b. What is the greatest common factor of a and 1121?
19
Let k = 23299 + -15702. Calculate the highest common factor of 213 and k.
71
Let l = 120 - 29. Suppose 145 - l = 3*v. Let u = v + 22. What is the highest common factor of 10 and u?
10
Suppose 2 - 2 = 7*a. Suppose -q - 10 = -2*i + 4*q, 4*i + 5*q - 50 = a. Suppose x = -i + 5, 50 = v + 2*x. What is the greatest common divisor of v and 12?
12
Let j be (2 - -3) + -16 + 12. Let u(g) = 29*g**3 + 4*g - 3. Let m be u(j). What is the greatest common divisor of m and 30?
30
Let q be (-4)/(-24)*3 - (-25)/((-400)/(-888)). Calculate the highest common factor of q and 11284.
28
Let y be -3 + 1 - (3 + -55). Let o(w) = 42*w + 30. Let k be o(5). Let a = k - 230. Calculate the greatest common factor of y and a.
10
Let d be (144/(-40) + (-2)/5)/(20/(-310)). What is the greatest common divisor of d and 38?
2
Suppose 0 = -9*b - 1 + 46. Let c be 3/b + 4728/120. What is the highest common factor of c and 5?
5
Let h = -1834 - -3095. Calculate the greatest common factor of h and 194.
97
Let p(t) = 94*t**2 + 22*t + 143. Let j be p(-3). What is the greatest common factor of 13 and j?
13
Let z = 83 + -31. Let n = 84 - z. Let a = 37 - n. Calculate the greatest common divisor of 5 and a.
5
Suppose 3*q + 3055 = w, -18*w = -23*w - 3*q + 15257. What is the greatest common divisor of 28 and w?
28
Let w = -17508 - -17821. Calculate the greatest common factor of 7512 and w.
313
Let t = 3 + 3. Suppose t*s = 3*s - 3. Let l be -9 + 5 + s + 21. Calculate the highest common divisor of 128 and l.
16
Let t = 169 - 165. Suppose y - 1201 = -t*h, 3*h - 4*y = 5*h - 618. What is the greatest common divisor of 23 and h?
23
Let p = 66 - 114. Let d = -54 - p. Let c be -5*60/(-8)*(-4)/d. What is the highest common factor of 275 and c?
25
Suppose -3*f + 20*f = 2380. Suppose 2*b - 8 = 0, 2*p + 2*b - f = 1034. What is the highest common factor of p and 11?
11
Suppose 0 = 4*b - 310 - 158. Suppose -31*z + 51 = -786. Calculate the highest common divisor of b and z.
9
Let q = -47 + 59. Let v(l) = -1 - l + q*l**2 - 9*l**2 + 1. Let j be v(-1). Calculate the greatest common divisor of j and 32.
4
Let t = -6089 + 6102. Calculate the greatest common factor of t and 1222.
13
Let u(n) = n**3 + 54*n - 266. Let o be u(4). Calculate the greatest common factor of o and 924.
14
Suppose -1087 = -4*y + 7201. What is the greatest common divisor of y and 56?
56
Suppose 33*a + 270848 = 56*a. Calculate the greatest common divisor of 16 and a.
16
Let q(s) = 3280*s + 19953. Let d be q(-6). Suppose 3*m - 52 = -7*a + 2*a, 24 = 2*m - 2*a. Calculate the highest common divisor of m and d.
7
Let p be (-4)/(-18) + 48/27. Suppose 0 = -p*m - 0*m + 14. Suppose 2*u = -10*f + 1100, 4*u = 35*f - 31*f - 488. What is the highest common factor of f and m?
7
Suppose 0 = -62*p + 72*p - 250. Calculate the highest common divisor of 110 and p.
5
Suppose 19*x + 232461 - 26289 = 46*x. Calculate the highest common divisor of 498 and x.
166
Suppose b + 23 = 30. Let f be -4 - b*(4 - 5). Suppose -j = -5*q - 29, -f*j - 4*q = q - 67. Calculate the greatest common factor of j and 8.
8
Suppose 0 = -4*i + 5*p + 410, 2*i + 5*p - 390 = -2*i. Suppose -156 = -127*r + 124*r. Suppose 28 = 16*x - r. Calculate the greatest common factor of i and x.
5
Suppose 5*h - 2668 = 2*w, w = 3*h - 595 - 1005. What is the highest common divisor of 2261 and h?
133
Suppose 3*w + 58 = -2*q + q, 0 = w - 5*q - 2. Let l be (-6)/w - (-24)/9. Suppose 4*f = -f - 5, -3*f + 42 = l*i. What is the highest common factor of 5 and i?
5
Let v be -9*((-104)/(-24) - 8). Let p = 7 - -4. What is the greatest common divisor of v and p?
11
Let b = -3 - -15. Suppose 8*s + 3*s = 924. What is the highest common divisor of s and b?
12
Suppose 0 = 5*w + 9 - 39. Suppose 0 = w*s - 478 - 326. What is the greatest common factor of 469 and s?
67
Let v = -2334 - -3218. Calculate the greatest common factor of 78 and v.
26
Let w(c) = -8*c + 76. Let l be w(10). Let a be 3/(-6)*2320/l. Calculate the highest common divisor of 116 and a.
58
Let t = 2 + 4. Suppose 0 = -t*p + p + 65. Let q(c) = -c**2 - 25*c - 37. Let y be q(-11). Calculate the greatest common factor of y and p.
13
Suppose 2*n - 3417 = -5*a, -11*a = 5*n - 13*a - 8470. What is the highest common divisor of n and 128?
32
Let x = 1073 - -291. Calculate the greatest common factor of 44 and x.
44
Let b = -5597 + 6773. What is the greatest common divisor of b and 312?
24
Suppose 0 = -80*j + 36*j + 25564. Calculate the highest common divisor of j and 332.
83
Suppose 7*w - 51 - 50 = -5*o, 0 = 3*o + 15. Let c = -5 + 5. Suppose 0 = -0*x + x + 3*l, c = 4*l + 12. Calculate the greatest common factor of w and x.
9
Suppose 0 = 173*f + 166*f - 351*f + 186276. Calculate the highest common factor of f and 43.
43
Let n(b) = 23*b + 303. Let f be n(-12). Calculate the highest common factor of f and 225.
9
Let s be (-1400)/(-120) + ((-30)/9)/2. Calculate the greatest common factor of 16 and s.
2
Suppose -209*k = -91948 - 8372. Calculate the highest common factor of k and 60.
60
Let d(u) = u**3 + 16*u**2 + 24*u - 56. Let a be d(-14). Suppose 769*j - 778*j + 2376 = a. What is the greatest common divisor of 144 and j?
24
Suppose 2*t = 15 + 1. Let a be -3*(3/18)/((-1)/8). Suppose a*r + 2*r - 384 = 0. What is the greatest common divisor of t and r?
8
Suppose 0 = 3*p + 3*v - 312, 0 = 145*p - 150*p + 2*v + 506. Calculate the highest common factor of 6 and p.
6
Let g(k) be the first derivative of 4*k**2 + 47*k + 58. Let m be g(-5). Calculate the highest common factor of 175 and m.
7
Suppose -492 = -2*o - 4*u, 15*o - 1176 = 10*o - u. What is the greatest common divisor of o and 216?
18
Let w = 2300 - 1900. What is the greatest common divisor of w and 900?
100
Suppose 3*x - 2*x + 4*g = 352, g = -x + 346. Let b be (6 - 0) + x/(-86). Calculate the highest common divisor of b and 6.
2
Suppose 4*w - 523 - 165 = 0. Let d be w/18 - 84/(-189). Suppose -c - 2*c + 60 = 0. Calculate the highest common factor of c and d.
10
Let y be (7 + 457)*(-75)/(-50). What is the greatest common factor of 2175 and y?
87
Suppose -72 - 608 = -17*b. Suppose 4*o - 10 = -z, -3*z - b = -7*z + 4*o. Calculate the highest common factor of 190 and z.
10
Let y = 4415 + -3605. Calculate the greatest common factor of 1 and y.
1
Let z(t) = 3*t**2 - 150*t - 4. Let d be z(50). Let f(b) = 11*b**2 - 17*b - 83. Let g be f(d). Calculate the highest common factor of g and 138.
23
Let i = -10980 - -11295. Calculate the greatest common factor of 405 and i.
45
Let u = -2605 + 2715. What is the greatest common factor of 90 and u?
10
Let y be 1042 - 49/(-14)*2. Suppose -3194 = -3*k - y. What is the highest common factor of k and 55?
55
Let j be (-574)/70*(-3 + -2)*11. Calculate the greatest common divisor of 44 and j.
11
Let q(i) = -865*i - 1205. Let l be q(-8). Calculate the greatest common factor of l and 30.
15
Let q = 3